{"id":8,"date":"2018-06-07T10:47:53","date_gmt":"2018-06-07T13:47:53","guid":{"rendered":"http:\/\/localhost\/grupoladeia\/?page_id=8"},"modified":"2018-09-13T17:47:05","modified_gmt":"2018-09-13T20:47:05","slug":"licencas-ambientais","status":"publish","type":"page","link":"https:\/\/www.grupoladeia.com.br\/?page_id=8","title":{"rendered":"Legisla\u00e7\u00e3o ambiental"},"content":{"rendered":"<h3><a href=\"http:\/\/www.planalto.gov.br\/ccivil_03\/_Ato2007-2010\/2010\/Lei\/L12305.htm\" target=\"_blank\" rel=\"noopener\"><strong>Pol\u00edtica Nacional dos Res\u00edduos S\u00f3lidos<\/strong><\/a><\/h3>\n<p>A Lei 12.305\/2010 institui os princ\u00edpios, objetivos e instrumentos voltados para a gest\u00e3o dos res\u00edduos, inclusive os perigosos. Essa Pol\u00edtica estabelece as diretrizes relacionadas \u00e0 responsabilidade compartilhada dos geradores e do poder p\u00fablico e aos instrumentos econ\u00f4micos aplic\u00e1veis.<\/p>\n<p>A partir da preven\u00e7\u00e3o e da redu\u00e7\u00e3o na gera\u00e7\u00e3o de res\u00edduos, a lei tem como proposta a pr\u00e1tica de h\u00e1bitos de consumo sustent\u00e1vel e um conjunto de instrumentos para propiciar o aumento da reciclagem e da reutiliza\u00e7\u00e3o dos res\u00edduos s\u00f3lidos e a destina\u00e7\u00e3o ambientalmente adequada dos rejeitos.<\/p>\n<h3><\/h3>\n<p>&nbsp;<\/p>\n<h3><strong>Ibama 13\/2012<\/strong><\/h3>\n<p>Com a publica\u00e7\u00e3o da Pol\u00edtica Nacional de Res\u00edduos S\u00f3lidos, o Instituto Brasileiro do Meio Ambiente e dos Recursos Naturais Renov\u00e1veis (Ibama) buscou padronizar a linguagem e as terminologias utilizadas no pa\u00eds para a declara\u00e7\u00e3o de res\u00edduos s\u00f3lidos no Cadastro T\u00e9cnico Federal. Assim, foi publicada a Instru\u00e7\u00e3o Normativa Ibama 13\/2012 que cont\u00e9m a Lista Brasileira de Res\u00edduos S\u00f3lidos.<\/p>\n<p>O Grupo Ladeia est\u00e1 inscrito no Cadastro T\u00e9cnico Federal. Al\u00e9m disso, possui, junto ao Ibama, a Licen\u00e7a de Transporte para operar na manipula\u00e7\u00e3o de res\u00edduos fora do estado da Bahia.<\/p>\n<h3><\/h3>\n<p>&nbsp;<\/p>\n<h3><a href=\"http:\/\/portal.anvisa.gov.br\/documents\/10181\/3427425\/RDC_222_2018_.pdf\/c5d3081d-b331-4626-8448-c9aa426ec410\" target=\"_blank\" rel=\"noopener\"><strong>Anvisa 222\/18<\/strong><\/a><\/h3>\n<p>A Resolu\u00e7\u00e3o da Diretoria Colegiada (RDC) da Ag\u00eancia Nacional de Vigil\u00e2ncia Sanit\u00e1ria (Anvisa) 222\/18 determina os procedimentos relacionados ao gerenciamento de Res\u00edduos de Servi\u00e7os de Sa\u00fade (RSS). Todos os servi\u00e7os com atividades ligadas principalmente \u00e0 aten\u00e7\u00e3o \u00e0 sa\u00fade humana ou animal est\u00e3o definidos nesse regulamento.<\/p>\n<p>Para a manipula\u00e7\u00e3o desse tipo de res\u00edduos, o Grupo Ladeia possui cadastro na Anvisa, com dispensa de Alvar\u00e1.<\/p>\n<h3><\/h3>\n<p>&nbsp;<\/p>\n<h3><a href=\"http:\/\/www2.mma.gov.br\/port\/conama\/legiabre.cfm?codlegi=462\" target=\"_blank\" rel=\"noopener\"><strong>Conama 358\/05<\/strong><\/a><\/h3>\n<p>O Conselho Nacional do Meio Ambiente (Conama), enquanto \u00f3rg\u00e3o colegiado do Minist\u00e9rio do Meio Ambiente, estipulou na Resolu\u00e7\u00e3o 358\/05 as condutas para o tratamento e a disposi\u00e7\u00e3o final de RSS. Esse instrumento legislativo tem como objetivo preservar a sa\u00fade p\u00fablica e a qualidade do meio ambiente, considerando ainda a necessidade de minimizar riscos ocupacionais nos ambientes de trabalho e de proteger a sa\u00fade do trabalhador e de toda a popula\u00e7\u00e3o.<\/p>\n<p>O Grupo Ladeia possui Licen\u00e7a Ambiental do\u00a0Instituto Estadual do Meio Ambiente e Recursos H\u00eddricos (Inema), que autoriza o desempenho de atividades relacionadas ao tratamento t\u00e9rmico de res\u00edduos. Tamb\u00e9m juntamente ao Inema, o Grupo Ladeia possui a Licen\u00e7a Ambiental por Ades\u00e3o e Compromisso (LAC), que autoriza o transporte intermunicipal de res\u00edduos, no estado da Bahia.<\/p>\n<p>&nbsp;<\/p>\n<h3><strong>Pol\u00edtica Estadual de Res\u00edduos S\u00f3lidos<\/strong><\/h3>\n<p>A Lei 12.932\/14 disp\u00f5es sobre princ\u00edpios, objetivos, diretrizes e instrumentos relativos \u00e0 gest\u00e3o de res\u00edduos s\u00f3lidos, na Bahia. Estabelece regime de coopera\u00e7\u00e3o com o setor p\u00fablico, o setor empresarial e os demais segmentos da sociedade civil.<\/p>\n<h4><strong>Decreto 18.218\/18<\/strong><\/h4>\n<p>Altera a Lei 12.932\/14 e estabelece as atividades sujeitas ao licenciamento ambiental, entre elas os servi\u00e7os de descontamina\u00e7\u00e3o de l\u00e2mpadas fluorescentes.<\/p>\n","protected":false},"excerpt":{"rendered":"<p>Pol\u00edtica Nacional dos Res\u00edduos S\u00f3lidos A Lei 12.305\/2010 institui os princ\u00edpios, objetivos e instrumentos voltados para a gest\u00e3o dos res\u00edduos, inclusive os perigosos. Essa Pol\u00edtica estabelece as diretrizes relacionadas \u00e0 responsabilidade compartilhada dos geradores e do poder p\u00fablico e aos instrumentos econ\u00f4micos aplic\u00e1veis. A partir da preven\u00e7\u00e3o e da redu\u00e7\u00e3o na gera\u00e7\u00e3o de res\u00edduos, a [&hellip;]<\/p>\n","protected":false},"author":5,"featured_media":0,"parent":0,"menu_order":0,"comment_status":"closed","ping_status":"closed","template":"","meta":[],"_links":{"self":[{"href":"https:\/\/www.grupoladeia.com.br\/index.php?rest_route=\/wp\/v2\/pages\/8"}],"collection":[{"href":"https:\/\/www.grupoladeia.com.br\/index.php?rest_route=\/wp\/v2\/pages"}],"about":[{"href":"https:\/\/www.grupoladeia.com.br\/index.php?rest_route=\/wp\/v2\/types\/page"}],"author":[{"embeddable":true,"href":"https:\/\/www.grupoladeia.com.br\/index.php?rest_route=\/wp\/v2\/users\/5"}],"replies":[{"embeddable":true,"href":"https:\/\/www.grupoladeia.com.br\/index.php?rest_route=%2Fwp%2Fv2%2Fcomments&post=8"}],"version-history":[{"count":13,"href":"https:\/\/www.grupoladeia.com.br\/index.php?rest_route=\/wp\/v2\/pages\/8\/revisions"}],"predecessor-version":[{"id":756,"href":"https:\/\/www.grupoladeia.com.br\/index.php?rest_route=\/wp\/v2\/pages\/8\/revisions\/756"}],"wp:attachment":[{"href":"https:\/\/www.grupoladeia.com.br\/index.php?rest_route=%2Fwp%2Fv2%2Fmedia&parent=8"}],"curies":[{"name":"wp","href":"https:\/\/api.w.org\/{rel}","templated":true}]}}